{"id":2167,"date":"2021-06-04T02:25:31","date_gmt":"2021-06-04T02:25:31","guid":{"rendered":"https:\/\/web.anuies.mx\/buzon-denuncia\/?page_id=2167"},"modified":"2025-04-10T21:19:42","modified_gmt":"2025-04-10T21:19:42","slug":"inicio2","status":"publish","type":"page","link":"https:\/\/web.anuies.mx\/politica-integridad-anuies\/","title":{"rendered":""},"content":{"rendered":"<div id=\"pl-2167\"  class=\"panel-layout\" ><div id=\"pg-2167-0\"  class=\"panel-grid panel-no-style\" ><div id=\"pgc-2167-0-0\"  class=\"panel-grid-cell\" ><div id=\"panel-2167-0-0-0\" class=\"so-panel widget widget_sow-editor panel-first-child panel-last-child\" data-index=\"0\" ><div\n\t\t\t\n\t\t\tclass=\"so-widget-sow-editor so-widget-sow-editor-base\"\n\t\t\t\n\t\t>\n<div class=\"siteorigin-widget-tinymce textwidget\">\n\t<p><img loading=\"lazy\" decoding=\"async\" class=\"alignnone wp-image-2168 size-full\" src=\"https:\/\/web.anuies.mx\/buzon-denuncia\/wp-content\/uploads\/sites\/14\/2021\/06\/imagen1.jpg\" alt=\"\" width=\"986\" height=\"652\" srcset=\"https:\/\/web.anuies.mx\/politica-integridad-anuies\/wp-content\/uploads\/sites\/14\/2021\/06\/imagen1.jpg 986w, https:\/\/web.anuies.mx\/politica-integridad-anuies\/wp-content\/uploads\/sites\/14\/2021\/06\/imagen1-300x198.jpg 300w, https:\/\/web.anuies.mx\/politica-integridad-anuies\/wp-content\/uploads\/sites\/14\/2021\/06\/imagen1-768x508.jpg 768w, https:\/\/web.anuies.mx\/politica-integridad-anuies\/wp-content\/uploads\/sites\/14\/2021\/06\/imagen1-391x260.jpg 391w\" sizes=\"auto, (max-width: 986px) 100vw, 986px\" \/><\/p>\n<\/div>\n<\/div><\/div><\/div><div id=\"pgc-2167-0-1\"  class=\"panel-grid-cell\" ><div id=\"panel-2167-0-1-0\" class=\"so-panel widget widget_sow-editor panel-first-child panel-last-child\" data-index=\"1\" ><div\n\t\t\t\n\t\t\tclass=\"so-widget-sow-editor so-widget-sow-editor-base\"\n\t\t\t\n\t\t>\n<div class=\"siteorigin-widget-tinymce textwidget\">\n\t<p>&nbsp;<\/p>\n<p>Nuestro compromiso es adoptar las mejores pr\u00e1cticas y llevar a cabo las actividades con las instituciones asociadas, los prestadores de servicios y terceros en general de manera \u00e9tica, \u00edntegra, transparente y en cumplimiento a la normatividad a la que estamos sujetos.<\/p>\n<\/div>\n<\/div><\/div><\/div><\/div><div id=\"pg-2167-1\"  class=\"panel-grid panel-no-style\" ><div id=\"pgc-2167-1-0\"  class=\"panel-grid-cell\" ><div id=\"panel-2167-1-0-0\" class=\"so-panel widget widget_sow-editor panel-first-child panel-last-child\" data-index=\"2\" ><div\n\t\t\t\n\t\t\tclass=\"so-widget-sow-editor so-widget-sow-editor-base\"\n\t\t\t\n\t\t>\n<div class=\"siteorigin-widget-tinymce textwidget\">\n\t<p><center><span style=\"color: #993366; font-size: 14pt;\"><span style=\"color: #993366; font-size: 14pt;\"><b>Mensaje del Secretario General Ejecutivo<\/b><\/span><\/span><\/center><\/p>\n<p style=\"text-align: justify;\">La Secretar\u00eda General Ejecutiva de la Asociaci\u00f3n Nacional de Universidades e Instituciones de Educaci\u00f3n Superior de la Rep\u00fablica Mexicana, A.C. lleva a cabo sus actividades con las instituciones asociadas, los prestadores de servicios y terceros en general de manera \u00e9tica, \u00edntegra, transparente y en cumplimiento a la normatividad a la que est\u00e1 sujeta. Por ello, los empleados respaldan y asumen p\u00fablicamente el compromiso de \u201cConducta \u00e9tica y tolerancia cero a la corrupci\u00f3n frente a las IES, los prestadores de servicios y terceros en general que prestan un servicio a la Secretar\u00eda General Ejecutiva\u201d, de acuerdo con los est\u00e1ndares establecidos en nuestra Pol\u00edtica de Integridad, C\u00f3digo de \u00c9tica y C\u00f3digo de Conducta.<\/p>\n<p style=\"text-align: center;\">\t<a class=\"paoc-popup-click paoc-popup-cust-2209 paoc-popup-button paoc-popup-btn \" href=\"javascript:void(0);\">Ver m\u00e1s<\/a>\r\n<\/p>\n<p><img loading=\"lazy\" decoding=\"async\" class=\"wp-image-2245 aligncenter\" src=\"https:\/\/web.anuies.mx\/politica-integridad-anuies\/wp-content\/uploads\/sites\/14\/2021\/12\/Reconocimiento-SFP2-e1639425963696.png\" alt=\"\" width=\"956\" height=\"1110\" srcset=\"https:\/\/web.anuies.mx\/politica-integridad-anuies\/wp-content\/uploads\/sites\/14\/2021\/12\/Reconocimiento-SFP2-e1639425963696.png 1199w, https:\/\/web.anuies.mx\/politica-integridad-anuies\/wp-content\/uploads\/sites\/14\/2021\/12\/Reconocimiento-SFP2-e1639425963696-258x300.png 258w, https:\/\/web.anuies.mx\/politica-integridad-anuies\/wp-content\/uploads\/sites\/14\/2021\/12\/Reconocimiento-SFP2-e1639425963696-881x1024.png 881w, https:\/\/web.anuies.mx\/politica-integridad-anuies\/wp-content\/uploads\/sites\/14\/2021\/12\/Reconocimiento-SFP2-e1639425963696-768x892.png 768w\" sizes=\"auto, (max-width: 956px) 100vw, 956px\" \/><\/p>\n<p>&nbsp;<\/p>\n<p>&nbsp;<\/p>\n<\/div>\n<\/div><\/div><\/div><\/div><div id=\"pg-2167-2\"  class=\"panel-grid panel-no-style\" ><div id=\"pgc-2167-2-0\"  class=\"panel-grid-cell\" ><div id=\"panel-2167-2-0-0\" class=\"so-panel widget widget_sow-editor panel-first-child panel-last-child\" data-index=\"3\" ><div\n\t\t\t\n\t\t\tclass=\"so-widget-sow-editor so-widget-sow-editor-base\"\n\t\t\t\n\t\t>\n<div class=\"siteorigin-widget-tinymce textwidget\">\n\t<p>&nbsp;<\/p>\n<div align=\"left\"><span style=\"color: #993366; font-size: 14pt;\"><b>Pol\u00edtica de Integridad<\/b><\/span><\/div>\n<div align=\"left\">&nbsp;<\/div>\n<p style=\"text-align: justify;\">La Pol\u00edtica de Integridad es el marco de referencia para garantizar que el personal de confianza y sindicalizado, as\u00ed como personas morales o profesionales independientes, habilitados por la ANUIES para realizar un trabajo para la Asociaci\u00f3n, gu\u00ede su actuar acorde &nbsp;con los principios, valores y reglas de integridad establecidos en el C\u00f3digo de \u00c9tica y el C\u00f3digo de Conducta.<\/p>\n<\/div>\n<\/div><\/div><\/div><div id=\"pgc-2167-2-1\"  class=\"panel-grid-cell\" ><div id=\"panel-2167-2-1-0\" class=\"so-panel widget widget_sow-editor panel-first-child panel-last-child\" data-index=\"4\" ><div\n\t\t\t\n\t\t\tclass=\"so-widget-sow-editor so-widget-sow-editor-base\"\n\t\t\t\n\t\t>\n<div class=\"siteorigin-widget-tinymce textwidget\">\n\t<p><a href=\"https:\/\/web.anuies.mx\/politica-integridad-anuies\/wp-content\/uploads\/sites\/14\/2025\/04\/Politica-de-Integridad-ANUIES-1-3.pdf\" target=\"_blank\" rel=\"noopener\"><img loading=\"lazy\" decoding=\"async\" class=\"alignnone size-medium wp-image-2228\" src=\"https:\/\/web.anuies.mx\/buzon-denuncia\/wp-content\/uploads\/sites\/14\/2021\/06\/politica-1-236x300.jpg\" alt=\"\" width=\"236\" height=\"300\" srcset=\"https:\/\/web.anuies.mx\/politica-integridad-anuies\/wp-content\/uploads\/sites\/14\/2021\/06\/politica-1-236x300.jpg 236w, https:\/\/web.anuies.mx\/politica-integridad-anuies\/wp-content\/uploads\/sites\/14\/2021\/06\/politica-1.jpg 243w\" sizes=\"auto, (max-width: 236px) 100vw, 236px\" \/><\/a><\/p>\n<\/div>\n<\/div><\/div><\/div><\/div><div id=\"pg-2167-3\"  class=\"panel-grid panel-no-style\" ><div id=\"pgc-2167-3-0\"  class=\"panel-grid-cell\" ><div id=\"panel-2167-3-0-0\" class=\"so-panel widget widget_sow-editor panel-first-child panel-last-child\" data-index=\"5\" ><div\n\t\t\t\n\t\t\tclass=\"so-widget-sow-editor so-widget-sow-editor-base\"\n\t\t\t\n\t\t>\n<div class=\"siteorigin-widget-tinymce textwidget\">\n\t<p>&nbsp;<\/p>\n<div align=\"left\"><span style=\"color: #993366; font-size: 14pt;\"><strong>C\u00f3digo de \u00c9tica<\/strong><\/span><\/div>\n<div align=\"left\">&nbsp;<\/div>\n<p style=\"text-align: justify;\">El C\u00f3digo de \u00c9tica contiene los principios y valores a trav\u00e9s de los cuales el personal de la Asociaci\u00f3n debe guiar su actuaci\u00f3n frente a las instituciones de educaci\u00f3n superior asociadas, autoridades de la administraci\u00f3n p\u00fablica, proveedores y sociedad en general, adem\u00e1s de las personas f\u00edsicas y morales que realizan un trabajo a nombre de la Asociaci\u00f3n.<\/p>\n<\/div>\n<\/div><\/div><\/div><div id=\"pgc-2167-3-1\"  class=\"panel-grid-cell\" ><div id=\"panel-2167-3-1-0\" class=\"so-panel widget widget_sow-editor panel-first-child panel-last-child\" data-index=\"6\" ><div\n\t\t\t\n\t\t\tclass=\"so-widget-sow-editor so-widget-sow-editor-base\"\n\t\t\t\n\t\t>\n<div class=\"siteorigin-widget-tinymce textwidget\">\n\t<p><a href=\"http:\/\/intranet.anuieslan.local\/system\/archivos\/normatividad\/11CodigodeEtica.pdf\" target=\"_blank\" rel=\"noopener\"><img loading=\"lazy\" decoding=\"async\" class=\"alignnone wp-image-2255 size-medium\" src=\"https:\/\/web.anuies.mx\/politica-integridad-anuies\/wp-content\/uploads\/sites\/14\/2021\/12\/codigo-etica-239x300.png\" alt=\"\" width=\"239\" height=\"300\" srcset=\"https:\/\/web.anuies.mx\/politica-integridad-anuies\/wp-content\/uploads\/sites\/14\/2021\/12\/codigo-etica-239x300.png 239w, https:\/\/web.anuies.mx\/politica-integridad-anuies\/wp-content\/uploads\/sites\/14\/2021\/12\/codigo-etica.png 398w\" sizes=\"auto, (max-width: 239px) 100vw, 239px\" \/><\/a><\/p>\n<\/div>\n<\/div><\/div><\/div><\/div><div id=\"pg-2167-4\"  class=\"panel-grid panel-no-style\" ><div id=\"pgc-2167-4-0\"  class=\"panel-grid-cell\" ><div id=\"panel-2167-4-0-0\" class=\"so-panel widget widget_sow-editor panel-first-child panel-last-child\" data-index=\"7\" ><div\n\t\t\t\n\t\t\tclass=\"so-widget-sow-editor so-widget-sow-editor-base\"\n\t\t\t\n\t\t>\n<div class=\"siteorigin-widget-tinymce textwidget\">\n\t<p>&nbsp;<\/p>\n<div align=\"left\"><span style=\"font-size: 14pt;\"><strong><span style=\"color: #993366;\">C\u00f3digo de Conducta<\/span><\/strong><\/span><\/div>\n<div align=\"left\">&nbsp;<\/div>\n<p style=\"text-align: justify;\">En el C\u00f3digo de Conducta se establecen las normas m\u00ednimas de comportamiento que guiar\u00e1n la actuaci\u00f3n del personal de la Asociaci\u00f3n, de conformidad con las leyes y pol\u00edticas internas&nbsp; de la propia Asociaci\u00f3n, as\u00ed como a los terceros que tengan una relaci\u00f3n con la ANUIES.<\/p>\n<\/div>\n<\/div><\/div><\/div><div id=\"pgc-2167-4-1\"  class=\"panel-grid-cell\" ><div id=\"panel-2167-4-1-0\" class=\"so-panel widget widget_sow-editor panel-first-child panel-last-child\" data-index=\"8\" ><div\n\t\t\t\n\t\t\tclass=\"so-widget-sow-editor so-widget-sow-editor-base\"\n\t\t\t\n\t\t>\n<div class=\"siteorigin-widget-tinymce textwidget\">\n\t<p><a href=\"http:\/\/intranet.anuieslan.local\/system\/archivos\/normatividad\/10CodigodeConducta.pdf\" target=\"_blank\" rel=\"noopener\"><img loading=\"lazy\" decoding=\"async\" class=\"alignnone wp-image-2257 size-medium\" src=\"https:\/\/web.anuies.mx\/politica-integridad-anuies\/wp-content\/uploads\/sites\/14\/2021\/12\/conducta-1-227x300.jpg\" alt=\"\" width=\"227\" height=\"300\" srcset=\"https:\/\/web.anuies.mx\/politica-integridad-anuies\/wp-content\/uploads\/sites\/14\/2021\/12\/conducta-1-227x300.jpg 227w, https:\/\/web.anuies.mx\/politica-integridad-anuies\/wp-content\/uploads\/sites\/14\/2021\/12\/conducta-1.jpg 237w\" sizes=\"auto, (max-width: 227px) 100vw, 227px\" \/><\/a><\/p>\n<\/div>\n<\/div><\/div><\/div><\/div><div id=\"pg-2167-5\"  class=\"panel-grid panel-no-style\" ><div id=\"pgc-2167-5-0\"  class=\"panel-grid-cell\" ><div id=\"panel-2167-5-0-0\" class=\"so-panel widget widget_sow-editor panel-first-child panel-last-child\" data-index=\"9\" ><div\n\t\t\t\n\t\t\tclass=\"so-widget-sow-editor so-widget-sow-editor-base\"\n\t\t\t\n\t\t>\n<div class=\"siteorigin-widget-tinymce textwidget\">\n\t<p>&nbsp;<\/p>\n<div align=\"left\"><span style=\"color: #993366; font-size: 14pt;\"><strong>Gu\u00eda para Prevenir el Conflicto de Inter\u00e9s<\/strong><\/span><\/div>\n<div align=\"left\">&nbsp;<\/div>\n<p style=\"text-align: justify;\">La Gu\u00eda para prevenir el Conflicto de Inter\u00e9s tiene por objeto que el personal de la Asociaci\u00f3n, as\u00ed como los prestadores de servicios y dem\u00e1s personas contratadas por la ANUIES, identifiquen situaciones de riesgo de un posible conflicto de inter\u00e9s, as\u00ed como saber qu\u00e9 hacer ante una situaci\u00f3n de esta naturaleza.<\/p>\n<\/div>\n<\/div><\/div><\/div><div id=\"pgc-2167-5-1\"  class=\"panel-grid-cell\" ><div id=\"panel-2167-5-1-0\" class=\"so-panel widget widget_sow-editor panel-first-child panel-last-child\" data-index=\"10\" ><div\n\t\t\t\n\t\t\tclass=\"so-widget-sow-editor so-widget-sow-editor-base\"\n\t\t\t\n\t\t>\n<div class=\"siteorigin-widget-tinymce textwidget\">\n\t<p><a href=\"https:\/\/web.anuies.mx\/buzon-denuncia\/wp-content\/uploads\/sites\/14\/2021\/06\/Guia-para-prevenir-Conflicto-de-Interes-en-la-ANUIES.pdf\" target=\"_blank\" rel=\"noopener\"><img loading=\"lazy\" decoding=\"async\" class=\"alignnone size-full wp-image-2258\" src=\"https:\/\/web.anuies.mx\/politica-integridad-anuies\/wp-content\/uploads\/sites\/14\/2021\/12\/conflicto.jpg\" alt=\"\" width=\"227\" height=\"287\"\/><\/a><\/p>\n<p>&nbsp;<\/p>\n<\/div>\n<\/div><\/div><\/div><\/div><div id=\"pg-2167-6\"  class=\"panel-grid panel-no-style\" ><div id=\"pgc-2167-6-0\"  class=\"panel-grid-cell\" ><div id=\"panel-2167-6-0-0\" class=\"so-panel widget widget_sow-editor panel-first-child panel-last-child\" data-index=\"11\" ><div\n\t\t\t\n\t\t\tclass=\"so-widget-sow-editor so-widget-sow-editor-base\"\n\t\t\t\n\t\t>\n<div class=\"siteorigin-widget-tinymce textwidget\">\n\t<p>&nbsp;<\/p>\n<div align=\"left\"><span style=\"font-size: 14pt;\"><strong><span style=\"color: #993366;\">L\u00ednea de Denuncia<\/span><\/strong><\/span><\/div>\n<div align=\"left\">&nbsp;<\/div>\n<p style=\"text-align: justify;\">La L\u00ednea de Denuncia es un medio para denunciar actos de corrupci\u00f3n y conductas contrarias a lo establecido en la Pol\u00edtica de Integridad, el C\u00f3digo de \u00c9tica y el C\u00f3digo de Conducta de la ANUIES durante el desempe\u00f1o del empleo, cargo o comisi\u00f3n del personal o en la realizaci\u00f3n de las actividades de las personas f\u00edsicas o morales contratadas por la Asociaci\u00f3n.<\/p>\n<p><a href=\"https:\/\/web.anuies.mx\/politica-integridad-anuies\/denuncia\/\"><img loading=\"lazy\" decoding=\"async\" class=\"aligncenter\" src=\"https:\/\/web.anuies.mx\/buzon-denuncia\/wp-content\/uploads\/sites\/14\/2020\/10\/BTN_BUZON1.png\" alt=\"\" width=\"190\" height=\"44\"\/><\/a><\/p>\n<p>&nbsp;<\/p>\n<p>&nbsp;<\/p>\n<p><img loading=\"lazy\" decoding=\"async\" class=\"wp-image-2294 alignright\" src=\"https:\/\/web.anuies.mx\/politica-integridad-anuies\/wp-content\/uploads\/sites\/14\/2024\/05\/Porgrama_U080-300x111.jpg\" alt=\"Programa_U080\" width=\"652\" height=\"241\" srcset=\"https:\/\/web.anuies.mx\/politica-integridad-anuies\/wp-content\/uploads\/sites\/14\/2024\/05\/Porgrama_U080-300x111.jpg 300w, https:\/\/web.anuies.mx\/politica-integridad-anuies\/wp-content\/uploads\/sites\/14\/2024\/05\/Porgrama_U080-1024x379.jpg 1024w, https:\/\/web.anuies.mx\/politica-integridad-anuies\/wp-content\/uploads\/sites\/14\/2024\/05\/Porgrama_U080-768x284.jpg 768w, https:\/\/web.anuies.mx\/politica-integridad-anuies\/wp-content\/uploads\/sites\/14\/2024\/05\/Porgrama_U080-1536x568.jpg 1536w, https:\/\/web.anuies.mx\/politica-integridad-anuies\/wp-content\/uploads\/sites\/14\/2024\/05\/Porgrama_U080-2048x758.jpg 2048w\" sizes=\"auto, (max-width: 652px) 100vw, 652px\" \/><\/p>\n<\/div>\n<\/div><\/div><\/div><div id=\"pgc-2167-6-1\"  class=\"panel-grid-cell\" ><div id=\"panel-2167-6-1-0\" class=\"so-panel widget widget_sow-editor panel-first-child panel-last-child\" data-index=\"12\" ><div\n\t\t\t\n\t\t\tclass=\"so-widget-sow-editor so-widget-sow-editor-base\"\n\t\t\t\n\t\t>\n<div class=\"siteorigin-widget-tinymce textwidget\">\n\t<p><a href=\"https:\/\/web.anuies.mx\/politica-integridad-anuies\/wp-content\/uploads\/sites\/14\/2021\/06\/Linea-de-Denuncia-ANUIES.pdf\" target=\"_blank\" rel=\"noopener\"><img loading=\"lazy\" decoding=\"async\" class=\"alignnone size-full wp-image-2259\" src=\"https:\/\/web.anuies.mx\/politica-integridad-anuies\/wp-content\/uploads\/sites\/14\/2021\/12\/denuncia.jpg\" alt=\"\" width=\"242\" height=\"301\"\/><\/a><\/p>\n<\/div>\n<\/div><\/div><\/div><\/div><\/div>","protected":false},"excerpt":{"rendered":"<p>&nbsp; Nuestro compromiso es adoptar las mejores pr\u00e1cticas y llevar a cabo las actividades con las instituciones asociadas, los prestadores de servicios y terceros en general de manera \u00e9tica, \u00edntegra, transparente y en cumplimiento a la normatividad a la que<\/p>\n","protected":false},"author":1,"featured_media":0,"parent":0,"menu_order":0,"comment_status":"closed","ping_status":"closed","template":"","meta":{"ngg_post_thumbnail":0,"footnotes":""},"class_list":["post-2167","page","type-page","status-publish","hentry"],"_links":{"self":[{"href":"https:\/\/web.anuies.mx\/politica-integridad-anuies\/wp-json\/wp\/v2\/pages\/2167","targetHints":{"allow":["GET"]}}],"collection":[{"href":"https:\/\/web.anuies.mx\/politica-integridad-anuies\/wp-json\/wp\/v2\/pages"}],"about":[{"href":"https:\/\/web.anuies.mx\/politica-integridad-anuies\/wp-json\/wp\/v2\/types\/page"}],"author":[{"embeddable":true,"href":"https:\/\/web.anuies.mx\/politica-integridad-anuies\/wp-json\/wp\/v2\/users\/1"}],"replies":[{"embeddable":true,"href":"https:\/\/web.anuies.mx\/politica-integridad-anuies\/wp-json\/wp\/v2\/comments?post=2167"}],"version-history":[{"count":73,"href":"https:\/\/web.anuies.mx\/politica-integridad-anuies\/wp-json\/wp\/v2\/pages\/2167\/revisions"}],"predecessor-version":[{"id":2311,"href":"https:\/\/web.anuies.mx\/politica-integridad-anuies\/wp-json\/wp\/v2\/pages\/2167\/revisions\/2311"}],"wp:attachment":[{"href":"https:\/\/web.anuies.mx\/politica-integridad-anuies\/wp-json\/wp\/v2\/media?parent=2167"}],"curies":[{"name":"wp","href":"https:\/\/api.w.org\/{rel}","templated":true}]}}