{"id":1689,"date":"2020-02-25T19:54:00","date_gmt":"2020-02-25T19:54:00","guid":{"rendered":"https:\/\/web.anuies.mx\/buzon-denuncia\/?page_id=1689"},"modified":"2026-01-22T14:52:49","modified_gmt":"2026-01-22T14:52:49","slug":"denuncia","status":"publish","type":"page","link":"https:\/\/web.anuies.mx\/politica-integridad-anuies\/denuncia\/","title":{"rendered":"Buz\u00f3n"},"content":{"rendered":"<div id=\"pl-1689\"  class=\"panel-layout\" ><div id=\"pg-1689-0\"  class=\"panel-grid panel-no-style\" ><div id=\"pgc-1689-0-0\"  class=\"panel-grid-cell\" ><div id=\"panel-1689-0-0-0\" class=\"so-panel widget widget_sow-editor panel-first-child panel-last-child\" data-index=\"0\" ><div\n\t\t\t\n\t\t\tclass=\"so-widget-sow-editor so-widget-sow-editor-base\"\n\t\t\t\n\t\t>\n<div class=\"siteorigin-widget-tinymce textwidget\">\n\t<p style=\"text-align: center;\"><strong>Buz\u00f3n de Denuncias de la Pol\u00edtica de Integridad<\/strong><\/p>\n<p>Bienvenido al Buz\u00f3n de Denuncias de la Pol\u00edtica de Integridad.<\/p>\n<p>La ANUIES es una asociaci\u00f3n civil que esta comprometida con la Pol\u00edtica de Integridad y su C\u00f3digo de Conducta.<\/p>\n<p>Agradecemos tu inter\u00e9s por la Asociaci\u00f3n y te invitamos a que si tienes alg\u00fan caso que deba ser denunciado lo ingreses a este sistema<\/p>\n<p>&nbsp;<\/p>\n<p><em><b>Los datos proporcionados por usted, ser\u00e1n protegidos en t\u00e9rminos de la Pol\u00edtica de Integridad de la Asociaci\u00f3n Nacional de Universidades e Instituciones de Educaci\u00f3n Superior, A.C. y se registraran en una base de datos, cuyo prop\u00f3sito es controlar y dar seguimiento a la atenci\u00f3n que se brinde a la presente denuncia.<\/b><\/em><\/p>\n<p>&nbsp;<\/p>\n\n                <div class='gf_browser_gecko gform_wrapper gform_legacy_markup_wrapper' id='gform_wrapper_4' ><form method='post' enctype='multipart\/form-data'  id='gform_4'  action='\/politica-integridad-anuies\/wp-json\/wp\/v2\/pages\/1689' novalidate>\n                        <div class='gform_body gform-body'><ul id='gform_fields_4' class='gform_fields top_label form_sublabel_below description_below'><li id=\"field_4_1\" class=\"gfield gsection field_sublabel_below field_description_below gfield_visibility_visible\" ><h2 class=\"gsection_title\">Datos del denunciante<\/h2><\/li><li id=\"field_4_15\" class=\"gfield field_admin_only gf_readonly gfield_contains_required field_sublabel_below field_description_below gfield_visibility_administrative\" ><input name='input_15' id='input_4_15' class='gform_hidden' type='hidden' value=''\/><\/li><li id=\"field_4_2\" class=\"gfield gfield_contains_required field_sublabel_below field_description_below gfield_visibility_visible\" ><label class='gfield_label' for='input_4_2' >Correo electr\u00f3nico del denunciante:<span class=\"gfield_required\"><span class=\"gfield_required gfield_required_asterisk\">*<\/span><\/span><\/label><div class='ginput_container ginput_container_email'>\n                            <input name='input_2' id='input_4_2' type='email' value='' class='medium'    aria-required=\"true\" aria-invalid=\"false\"  \/>\n                        <\/div><\/li><li id=\"field_4_3\" class=\"gfield field_sublabel_below field_description_below gfield_visibility_visible\" ><label class='gfield_label gfield_label_before_complex'  >Nombre del denunciante (opcional):<\/label><div class='ginput_complex ginput_container no_prefix has_first_name no_middle_name has_last_name no_suffix gf_name_has_2 ginput_container_name' id='input_4_3'>\n                            \n                            <span id='input_4_3_3_container' class='name_first' >\n                                                    <input type='text' name='input_3.3' id='input_4_3_3' value='' aria-label='First name'   aria-required='false'     \/>\n                                                    <label for='input_4_3_3' >Nombre(s)<\/label>\n                                                <\/span>\n                            \n                            <span id='input_4_3_6_container' class='name_last' >\n                                                    <input type='text' name='input_3.6' id='input_4_3_6' value='' aria-label='Last name'   aria-required='false'     \/>\n                                                    <label for='input_4_3_6' >Apellidos<\/label>\n                                                <\/span>\n                            \n                        <\/div><\/li><li id=\"field_4_7\" class=\"gfield gsection field_sublabel_below field_description_below gfield_visibility_visible\" ><h2 class=\"gsection_title\">Datos del denunciado<\/h2><\/li><li id=\"field_4_4\" class=\"gfield field_sublabel_below field_description_below gfield_visibility_visible\" ><label class='gfield_label gfield_label_before_complex'  >Nombre completo del denunciado:<\/label><div class='ginput_complex ginput_container no_prefix has_first_name no_middle_name has_last_name no_suffix gf_name_has_2 ginput_container_name' id='input_4_4'>\n                            \n                            <span id='input_4_4_3_container' class='name_first' >\n                                                    <input type='text' name='input_4.3' id='input_4_4_3' value='' aria-label='First name'   aria-required='false'     \/>\n                                                    <label for='input_4_4_3' >Nombre(s)<\/label>\n                                                <\/span>\n                            \n                            <span id='input_4_4_6_container' class='name_last' >\n                                                    <input type='text' name='input_4.6' id='input_4_4_6' value='' aria-label='Last name'   aria-required='false'     \/>\n                                                    <label for='input_4_4_6' >Apellidos<\/label>\n                                                <\/span>\n                            \n                        <\/div><\/li><li id=\"field_4_5\" class=\"gfield gf_left_half field_sublabel_below field_description_below gfield_visibility_visible\" ><label class='gfield_label' for='input_4_5' >\u00c1rea a la que pertenece:<\/label><div class='ginput_container ginput_container_text'><input name='input_5' id='input_4_5' type='text' value='' class='medium'      aria-invalid=\"false\"   \/> <\/div><\/li><li id=\"field_4_6\" class=\"gfield gf_right_half field_sublabel_below field_description_below gfield_visibility_visible\" ><label class='gfield_label' for='input_4_6' >Cargo o puesto que desempe\u00f1a:<\/label><div class='ginput_container ginput_container_text'><input name='input_6' id='input_4_6' type='text' value='' class='medium'      aria-invalid=\"false\"   \/> <\/div><\/li><li id=\"field_4_8\" class=\"gfield gsection field_sublabel_below field_description_below gfield_visibility_visible\" ><h2 class=\"gsection_title\">Descripci\u00f3n de los hechos<\/h2><\/li><li id=\"field_4_9\" class=\"gfield gf_left_third field_sublabel_below field_description_below gfield_visibility_visible\" ><label class='gfield_label' for='input_4_9' >Fecha:<\/label><div class='ginput_container ginput_container_text'><input name='input_9' id='input_4_9' type='text' value='' class='medium'      aria-invalid=\"false\"   \/> <\/div><\/li><li id=\"field_4_10\" class=\"gfield gf_middle_third field_sublabel_below field_description_below gfield_visibility_visible\" ><label class='gfield_label' for='input_4_10' >Hora:<\/label><div class='ginput_container ginput_container_text'><input name='input_10' id='input_4_10' type='text' value='' class='medium'      aria-invalid=\"false\"   \/> <\/div><\/li><li id=\"field_4_11\" class=\"gfield gf_right_third field_sublabel_below field_description_below gfield_visibility_visible\" ><label class='gfield_label' for='input_4_11' >Lugar:<\/label><div class='ginput_container ginput_container_text'><input name='input_11' id='input_4_11' type='text' value='' class='medium'      aria-invalid=\"false\"   \/> <\/div><\/li><li id=\"field_4_12\" class=\"gfield field_sublabel_below field_description_below gfield_visibility_visible\" ><label class='gfield_label' for='input_4_12' >Narraci\u00f3n (Proporcionar datos de las personas involucradas, su participaci\u00f3n y sus caracter\u00edsticas. Si cuentas con elementos de pruebas, especificar en qu\u00e9 consisten las mismas, al igual si cuentas con testigos, proporciona sus datos):<\/label><div class='ginput_container ginput_container_textarea'><textarea name='input_12' id='input_4_12' class='textarea medium'      aria-invalid=\"false\"   rows='10' cols='50'><\/textarea><\/div><\/li><li id=\"field_4_16\" class=\"gfield field_sublabel_below field_description_below gfield_visibility_visible\" ><label class='gfield_label' for='gform_browse_button_4_16' >Anexar documentos (Formato pdf y peso no mayor a 1MB)<\/label><div class='ginput_container ginput_container_fileupload'><div id='gform_multifile_upload_4_16' data-settings='{&quot;runtimes&quot;:&quot;html5,flash,html4&quot;,&quot;browse_button&quot;:&quot;gform_browse_button_4_16&quot;,&quot;container&quot;:&quot;gform_multifile_upload_4_16&quot;,&quot;drop_element&quot;:&quot;gform_drag_drop_area_4_16&quot;,&quot;filelist&quot;:&quot;gform_preview_4_16&quot;,&quot;unique_names&quot;:true,&quot;file_data_name&quot;:&quot;file&quot;,&quot;url&quot;:&quot;https:\\\/\\\/web.anuies.mx\\\/politica-integridad-anuies\\\/?gf_page=3f9d36e4fd4f75f&quot;,&quot;flash_swf_url&quot;:&quot;https:\\\/\\\/web.anuies.mx\\\/politica-integridad-anuies\\\/wp-includes\\\/js\\\/plupload\\\/plupload.flash.swf&quot;,&quot;silverlight_xap_url&quot;:&quot;https:\\\/\\\/web.anuies.mx\\\/politica-integridad-anuies\\\/wp-includes\\\/js\\\/plupload\\\/plupload.silverlight.xap&quot;,&quot;filters&quot;:{&quot;mime_types&quot;:[{&quot;title&quot;:&quot;Allowed Files&quot;,&quot;extensions&quot;:&quot;pdf&quot;}],&quot;max_file_size&quot;:&quot;1048576b&quot;},&quot;multipart&quot;:true,&quot;urlstream_upload&quot;:false,&quot;multipart_params&quot;:{&quot;form_id&quot;:4,&quot;field_id&quot;:16},&quot;gf_vars&quot;:{&quot;max_files&quot;:0,&quot;message_id&quot;:&quot;gform_multifile_messages_4_16&quot;,&quot;disallowed_extensions&quot;:[&quot;php&quot;,&quot;asp&quot;,&quot;aspx&quot;,&quot;cmd&quot;,&quot;csh&quot;,&quot;bat&quot;,&quot;html&quot;,&quot;htm&quot;,&quot;hta&quot;,&quot;jar&quot;,&quot;exe&quot;,&quot;com&quot;,&quot;js&quot;,&quot;lnk&quot;,&quot;htaccess&quot;,&quot;phtml&quot;,&quot;ps1&quot;,&quot;ps2&quot;,&quot;php3&quot;,&quot;php4&quot;,&quot;php5&quot;,&quot;php6&quot;,&quot;py&quot;,&quot;rb&quot;,&quot;tmp&quot;]}}' class='gform_fileupload_multifile'>\n\t\t\t\t\t\t\t\t\t\t<div id='gform_drag_drop_area_4_16' class='gform_drop_area'>\n\t\t\t\t\t\t\t\t\t\t\t<span class='gform_drop_instructions'>Drop files here or <\/span>\n\t\t\t\t\t\t\t\t\t\t\t<button id='gform_browse_button_4_16' class='button gform_button_select_files' aria-describedby=\"gfield_upload_rules_4_16\"  >Select files<\/button>\n\t\t\t\t\t\t\t\t\t\t<\/div>\n\t\t\t\t\t\t\t\t\t<\/div><span class='gform_fileupload_rules' id='gfield_upload_rules_4_16'>Tipos de archivos aceptados: pdf, Max. file size: 1 MB.<\/span><ul class='validation_message validation_message--hidden-on-empty gfield_validation_message gform-ul-reset' id='gform_multifile_messages_4_16'><\/ul> <!-- Leave <ul> empty to support CSS :empty selector. --><\/div><div id='gform_preview_4_16'><\/div><\/li><li id=\"field_4_13\" class=\"gfield gfield_html gfield_html_formatted gfield_no_follows_desc field_sublabel_below field_description_below gfield_visibility_visible\" ><br><br><br><I>Recuerda que se respetar\u00e1 el car\u00e1cter an\u00f3nimo y confidencial de tu denuncia, y se garantiza que no habr\u00e1 represalias por realizar denuncias.<\/I><\/li><\/ul><\/div>\n        <div class='gform_footer top_label'> <input type='submit' id='gform_submit_button_4' class='gform_button button' value='Enviar'  onclick='if(window[\"gf_submitting_4\"]){return false;}  if( !jQuery(\"#gform_4\")[0].checkValidity || jQuery(\"#gform_4\")[0].checkValidity()){window[\"gf_submitting_4\"]=true;}  ' onkeypress='if( event.keyCode == 13 ){ if(window[\"gf_submitting_4\"]){return false;} if( !jQuery(\"#gform_4\")[0].checkValidity || jQuery(\"#gform_4\")[0].checkValidity()){window[\"gf_submitting_4\"]=true;}  jQuery(\"#gform_4\").trigger(\"submit\",[true]); }' \/> \n            <input type='hidden' class='gform_hidden' name='is_submit_4' value='1' \/>\n            <input type='hidden' class='gform_hidden' name='gform_submit' value='4' \/>\n            \n            <input type='hidden' class='gform_hidden' name='gform_unique_id' value='' \/>\n            <input type='hidden' class='gform_hidden' name='state_4' value='WyJbXSIsImY0NjUzYWQ4NzUzYjgxYzE0NWY4ODBkYmI0OTMxN2Q1Il0=' \/>\n            <input type='hidden' class='gform_hidden' name='gform_target_page_number_4' id='gform_target_page_number_4' value='0' \/>\n            <input type='hidden' class='gform_hidden' name='gform_source_page_number_4' id='gform_source_page_number_4' value='1' \/>\n            <input type='hidden' name='gform_field_values' value='' \/>\n            <input type='hidden' name='gform_uploaded_files' id='gform_uploaded_files_4' value='' \/>\n        <\/div>\n                        <\/form>\n                        <\/div>\n<p>&nbsp;<\/p>\n<p>&nbsp;<\/p>\n<\/div>\n<\/div><\/div><\/div><\/div><\/div>","protected":false},"excerpt":{"rendered":"<p>Buz\u00f3n de Denuncias de la Pol\u00edtica de Integridad Bienvenido al Buz\u00f3n de Denuncias de la Pol\u00edtica de Integridad. La ANUIES es una asociaci\u00f3n civil que esta comprometida con la Pol\u00edtica de Integridad y su C\u00f3digo de Conducta. Agradecemos tu inter\u00e9s<\/p>\n","protected":false},"author":1,"featured_media":0,"parent":0,"menu_order":0,"comment_status":"closed","ping_status":"closed","template":"","meta":{"ngg_post_thumbnail":0,"footnotes":""},"class_list":["post-1689","page","type-page","status-publish","hentry"],"_links":{"self":[{"href":"https:\/\/web.anuies.mx\/politica-integridad-anuies\/wp-json\/wp\/v2\/pages\/1689","targetHints":{"allow":["GET"]}}],"collection":[{"href":"https:\/\/web.anuies.mx\/politica-integridad-anuies\/wp-json\/wp\/v2\/pages"}],"about":[{"href":"https:\/\/web.anuies.mx\/politica-integridad-anuies\/wp-json\/wp\/v2\/types\/page"}],"author":[{"embeddable":true,"href":"https:\/\/web.anuies.mx\/politica-integridad-anuies\/wp-json\/wp\/v2\/users\/1"}],"replies":[{"embeddable":true,"href":"https:\/\/web.anuies.mx\/politica-integridad-anuies\/wp-json\/wp\/v2\/comments?post=1689"}],"version-history":[{"count":34,"href":"https:\/\/web.anuies.mx\/politica-integridad-anuies\/wp-json\/wp\/v2\/pages\/1689\/revisions"}],"predecessor-version":[{"id":2315,"href":"https:\/\/web.anuies.mx\/politica-integridad-anuies\/wp-json\/wp\/v2\/pages\/1689\/revisions\/2315"}],"wp:attachment":[{"href":"https:\/\/web.anuies.mx\/politica-integridad-anuies\/wp-json\/wp\/v2\/media?parent=1689"}],"curies":[{"name":"wp","href":"https:\/\/api.w.org\/{rel}","templated":true}]}}