{"id":2,"date":"2024-06-10T22:09:26","date_gmt":"2024-06-10T20:09:26","guid":{"rendered":"https:\/\/web.anuies.mx\/compromiso-comun-es-2030\/?page_id=2"},"modified":"2024-06-13T10:58:41","modified_gmt":"2024-06-13T16:58:41","slug":"inicio","status":"publish","type":"page","link":"https:\/\/web.anuies.mx\/compromiso-comun-2030\/inicio\/","title":{"rendered":"inicio"},"content":{"rendered":"<div id=\"pl-2\"  class=\"panel-layout\" ><div id=\"pg-2-0\"  class=\"panel-grid panel-has-style\" ><div style=\"padding: 0px 0; \" data-overlay=\"true\" data-overlay-color=\"#000000\" class=\"panel-row-style panel-row-style-for-2-0\" ><div id=\"pgc-2-0-0\"  class=\"panel-grid-cell\" ><div id=\"panel-2-0-0-0\" class=\"so-panel widget widget_sow-editor panel-first-child panel-last-child\" data-index=\"0\" ><div\n\t\t\t\n\t\t\tclass=\"so-widget-sow-editor so-widget-sow-editor-base\"\n\t\t\t\n\t\t>\n<div class=\"siteorigin-widget-tinymce textwidget\">\n\t<p><img loading=\"lazy\" decoding=\"async\" class=\"alignnone wp-image-19\" src=\"https:\/\/web.anuies.mx\/compromiso-comun-es-2030\/wp-content\/uploads\/sites\/57\/2024\/06\/1718051687-300x277.png\" alt=\"\" width=\"483\" height=\"446\" srcset=\"https:\/\/web.anuies.mx\/compromiso-comun-2030\/wp-content\/uploads\/sites\/57\/2024\/06\/1718051687-300x277.png 300w, https:\/\/web.anuies.mx\/compromiso-comun-2030\/wp-content\/uploads\/sites\/57\/2024\/06\/1718051687-1024x944.png 1024w, https:\/\/web.anuies.mx\/compromiso-comun-2030\/wp-content\/uploads\/sites\/57\/2024\/06\/1718051687-768x708.png 768w, https:\/\/web.anuies.mx\/compromiso-comun-2030\/wp-content\/uploads\/sites\/57\/2024\/06\/1718051687-1000x922.png 1000w, https:\/\/web.anuies.mx\/compromiso-comun-2030\/wp-content\/uploads\/sites\/57\/2024\/06\/1718051687-230x212.png 230w, https:\/\/web.anuies.mx\/compromiso-comun-2030\/wp-content\/uploads\/sites\/57\/2024\/06\/1718051687-350x323.png 350w, https:\/\/web.anuies.mx\/compromiso-comun-2030\/wp-content\/uploads\/sites\/57\/2024\/06\/1718051687-480x443.png 480w, https:\/\/web.anuies.mx\/compromiso-comun-2030\/wp-content\/uploads\/sites\/57\/2024\/06\/1718051687.png 1500w\" sizes=\"auto, (max-width: 483px) 100vw, 483px\" \/><\/p>\n<\/div>\n<\/div><\/div><\/div><div id=\"pgc-2-0-1\"  class=\"panel-grid-cell\" ><div id=\"panel-2-0-1-0\" class=\"so-panel widget widget_sow-editor panel-first-child panel-last-child\" data-index=\"1\" ><div style=\"text-align: left;\" data-title-color=\"#443f3f\" data-headings-color=\"#443f3f\" class=\"panel-widget-style panel-widget-style-for-2-0-1-0\" ><div\n\t\t\t\n\t\t\tclass=\"so-widget-sow-editor so-widget-sow-editor-base\"\n\t\t\t\n\t\t>\n<div class=\"siteorigin-widget-tinymce textwidget\">\n\t<p style=\"text-align: justify;\"><span style=\"font-size: 16pt;\">\u201cResulta oportuno hacer un alto en el camino para reflexionar, analizar y visualizar la educaci\u00f3n superior que el pueblo de M\u00e9xico requiere para concluir esta d\u00e9cada [\u2026 ya que] representa uno de los principales medios para alcanzar el progreso y superar los grandes problemas, retos y desaf\u00edos que enfrenta la sociedad mexicana en la actualidad. Por ello, su desarrollo es fundamental para alcanzar el logro de los grandes proyectos del pa\u00eds\u201d.<\/span><\/p>\n<hr \/>\n<p style=\"text-align: center;\"><span style=\"font-size: 16pt;\"><strong>Descarga el documento en formato PDF<\/strong><\/span><\/p>\n<p>&nbsp;<\/p>\n<p style=\"text-align: center;\"><a class=\"fasc-button fasc-size-xlarge fasc-type-flat fasc-rounded-medium fasc-ico-before dashicons-format-aside\" style=\"background-color: #691931; color: #ffffff;\" href=\"..\/descarga-libro-compromiso\/descarga.php\">Versi\u00f3n ejecutiva<\/a> &nbsp;<\/p>\n<\/div>\n<\/div><\/div><\/div><\/div><\/div><\/div><\/div>","protected":false},"excerpt":{"rendered":"<p>\u201cResulta oportuno hacer un alto en el camino para reflexionar, analizar y visualizar la educaci\u00f3n superior que el pueblo de M\u00e9xico requiere [&hellip;]<\/p>\n","protected":false},"author":60,"featured_media":0,"parent":0,"menu_order":0,"comment_status":"closed","ping_status":"closed","template":"","meta":{"footnotes":""},"class_list":["post-2","page","type-page","status-publish","hentry"],"_links":{"self":[{"href":"https:\/\/web.anuies.mx\/compromiso-comun-2030\/wp-json\/wp\/v2\/pages\/2","targetHints":{"allow":["GET"]}}],"collection":[{"href":"https:\/\/web.anuies.mx\/compromiso-comun-2030\/wp-json\/wp\/v2\/pages"}],"about":[{"href":"https:\/\/web.anuies.mx\/compromiso-comun-2030\/wp-json\/wp\/v2\/types\/page"}],"author":[{"embeddable":true,"href":"https:\/\/web.anuies.mx\/compromiso-comun-2030\/wp-json\/wp\/v2\/users\/60"}],"replies":[{"embeddable":true,"href":"https:\/\/web.anuies.mx\/compromiso-comun-2030\/wp-json\/wp\/v2\/comments?post=2"}],"version-history":[{"count":18,"href":"https:\/\/web.anuies.mx\/compromiso-comun-2030\/wp-json\/wp\/v2\/pages\/2\/revisions"}],"predecessor-version":[{"id":65,"href":"https:\/\/web.anuies.mx\/compromiso-comun-2030\/wp-json\/wp\/v2\/pages\/2\/revisions\/65"}],"wp:attachment":[{"href":"https:\/\/web.anuies.mx\/compromiso-comun-2030\/wp-json\/wp\/v2\/media?parent=2"}],"curies":[{"name":"wp","href":"https:\/\/api.w.org\/{rel}","templated":true}]}}